{"id":114,"date":"2025-05-16T17:32:24","date_gmt":"2025-05-16T15:32:24","guid":{"rendered":"https:\/\/boldcutcrew.com\/?page_id=114"},"modified":"2025-06-09T00:26:47","modified_gmt":"2025-06-08T22:26:47","slug":"zalozyciele","status":"publish","type":"page","link":"https:\/\/boldcutcrew.com\/index.php\/pl\/zalozyciele\/","title":{"rendered":"ZA\u0141O\u017bYCIELE"},"content":{"rendered":"\t\t<div data-elementor-type=\"wp-page\" data-elementor-id=\"114\" class=\"elementor elementor-114\">\n\t\t\t\t<div class=\"elementor-element elementor-element-62d2cd6 e-grid e-con-boxed e-con e-parent\" data-id=\"62d2cd6\" data-element_type=\"container\">\n\t\t\t\t\t<div class=\"e-con-inner\">\n\t\t\t\t<div class=\"elementor-element elementor-element-357340d elementor-widget elementor-widget-image\" data-id=\"357340d\" data-element_type=\"widget\" data-widget_type=\"image.default\">\n\t\t\t\t<div class=\"elementor-widget-container\">\n\t\t\t\t\t\t\t\t\t\t\t\t\t\t\t<img fetchpriority=\"high\" decoding=\"async\" width=\"1024\" height=\"1024\" src=\"https:\/\/boldcutcrew.com\/wp-content\/uploads\/2025\/06\/kasia-v2.png\" class=\"attachment-large size-large wp-image-663\" alt=\"\" srcset=\"https:\/\/boldcutcrew.com\/wp-content\/uploads\/2025\/06\/kasia-v2.png 1024w, https:\/\/boldcutcrew.com\/wp-content\/uploads\/2025\/06\/kasia-v2-300x300.png 300w, https:\/\/boldcutcrew.com\/wp-content\/uploads\/2025\/06\/kasia-v2-150x150.png 150w, https:\/\/boldcutcrew.com\/wp-content\/uploads\/2025\/06\/kasia-v2-768x768.png 768w\" sizes=\"(max-width: 1024px) 100vw, 1024px\" \/>\t\t\t\t\t\t\t\t\t\t\t\t\t\t\t<\/div>\n\t\t\t\t<\/div>\n\t\t\t\t<div class=\"elementor-element elementor-element-6aa54a2 elementor-widget elementor-widget-text-editor\" data-id=\"6aa54a2\" data-element_type=\"widget\" data-widget_type=\"text-editor.default\">\n\t\t\t\t<div class=\"elementor-widget-container\">\n\t\t\t\t\t\t\t\t\t<div style=\"margin-left: 5px;\"><h5 style=\"color: white; font-family: Arial, sans-serif; font-size: 40px; font-weight: bold; margin-bottom: 12px;\">Kasia<\/h5><h5 style=\"color: white; font-family: Arial, sans-serif;\"><b>Katarzyna Budzy\u0144 &#8211; Kreatywny umys\u0142. Biznesowy kr\u0119gos\u0142up.<\/b><\/h5><div style=\"color: white; font-family: Arial, sans-serif;\">\u00a0<\/div><div><span style=\"color: #ffffff; font-family: Arial, sans-serif;\">W Bold Cut \u0142\u0105cz\u0119 kreatywno\u015b\u0107 z ogarnianiem rzeczy na najwy\u017cszym poziomie. Produkcja towarzyszy mi od lat pracy agencyjnej \u2014 robi\u0142am reklamy, teledyski, filmy o firmach, wywiady i testimoniale, zar\u00f3wno dla polskich, jak i zagranicznych marek. P\u0142ynnie przechodz\u0119 mi\u0119dzy \u015bwiatem kreacji a twardymi realiami bud\u017cet\u00f3w i deadline\u2019\u00f3w. Potrafi\u0119 wymy\u015bli\u0107 pomys\u0142, kt\u00f3rego b\u0119dziesz zazdro\u015bci\u0107, napisa\u0107 scenariusz, a potem dopilnowa\u0107, \u017ceby wszystko si\u0119 wydarzy\u0142o \u2014 sprawnie, na czas i z efektem wow. Ogarniam tematy od A do Z \u2014 z energi\u0105, kt\u00f3rej nie da si\u0119 przeoczy\u0107.<\/span><\/div><p style=\"color: white; font-family: Arial, sans-serif; font-size: 21px; line-height: 1.5; margin: 0px;\">\u00a0<\/p><\/div>\t\t\t\t\t\t\t\t<\/div>\n\t\t\t\t<\/div>\n\t\t\t\t<div class=\"elementor-element elementor-element-fdfc1c3 elementor-widget elementor-widget-text-editor\" data-id=\"fdfc1c3\" data-element_type=\"widget\" data-widget_type=\"text-editor.default\">\n\t\t\t\t<div class=\"elementor-widget-container\">\n\t\t\t\t\t\t\t\t\t<div style=\"margin-left: 5px;\"><h5 style=\"color: white; font-family: Arial, sans-serif; font-size: 40px; font-weight: bold; margin-bottom: 12px;\">Piotr<\/h5><h5 style=\"color: white; font-family: Arial, sans-serif;\"><b>Piotr Jechanowski \u2013 25 lat w postprodukcji. Zero wypalenia.<\/b><\/h5><div style=\"color: white; font-family: Arial, sans-serif;\">\u00a0<\/div><div><span style=\"color: #ffffff; font-family: Arial, sans-serif;\">Od ponad dw\u00f3ch dekad opowiadam historie, klatka po klatce. Postprodukcja to moje naturalne \u015brodowisko \u2014 i wci\u0105\u017c mnie to kr\u0119ci. Reklamy, teledyski, filmy fabularne, dokumenty, instalacje muzealne, TV \u2014 ci\u0105\u0142em wszystko: od wielkobud\u017cetowych kampanii po niezale\u017cne, szczere pere\u0142ki. Wsp\u00f3\u0142pracowa\u0142em z topowymi agencjami i instytucjami kultury. Ale sedno si\u0119 nie zmienia: detal, emocja i historia, kt\u00f3ra zostaje w g\u0142owie. Re\u017cyserowa\u0142em. Montowa\u0142em. Produkowa\u0142em. Znam ca\u0142y proces od podszewki \u2014 i w\u0142a\u015bnie dlatego nie tn\u0119 scen. Buduj\u0119 znaczenie. I dowo\u017c\u0119. Zawsze.<\/span><\/div><p style=\"color: white; font-family: Arial, sans-serif; font-size: 21px; line-height: 1.5; margin: 0px;\">\u00a0<\/p><\/div>\t\t\t\t\t\t\t\t<\/div>\n\t\t\t\t<\/div>\n\t\t\t\t<div class=\"elementor-element elementor-element-76c466a elementor-widget elementor-widget-image\" data-id=\"76c466a\" data-element_type=\"widget\" data-widget_type=\"image.default\">\n\t\t\t\t<div class=\"elementor-widget-container\">\n\t\t\t\t\t\t\t\t\t\t\t\t\t\t\t<img decoding=\"async\" width=\"1024\" height=\"1024\" src=\"https:\/\/boldcutcrew.com\/wp-content\/uploads\/2025\/06\/zdjecie.png\" class=\"attachment-large size-large wp-image-608\" alt=\"\" srcset=\"https:\/\/boldcutcrew.com\/wp-content\/uploads\/2025\/06\/zdjecie.png 1024w, https:\/\/boldcutcrew.com\/wp-content\/uploads\/2025\/06\/zdjecie-300x300.png 300w, https:\/\/boldcutcrew.com\/wp-content\/uploads\/2025\/06\/zdjecie-150x150.png 150w, https:\/\/boldcutcrew.com\/wp-content\/uploads\/2025\/06\/zdjecie-768x768.png 768w\" sizes=\"(max-width: 1024px) 100vw, 1024px\" \/>\t\t\t\t\t\t\t\t\t\t\t\t\t\t\t<\/div>\n\t\t\t\t<\/div>\n\t\t\t\t<div class=\"elementor-element elementor-element-a40a8d7 elementor-widget elementor-widget-image\" data-id=\"a40a8d7\" data-element_type=\"widget\" data-widget_type=\"image.default\">\n\t\t\t\t<div class=\"elementor-widget-container\">\n\t\t\t\t\t\t\t\t\t\t\t\t\t\t\t<img decoding=\"async\" width=\"1024\" height=\"1024\" src=\"https:\/\/boldcutcrew.com\/wp-content\/uploads\/2025\/06\/wojtek_3.png\" class=\"attachment-large size-large wp-image-607\" alt=\"\" srcset=\"https:\/\/boldcutcrew.com\/wp-content\/uploads\/2025\/06\/wojtek_3.png 1024w, https:\/\/boldcutcrew.com\/wp-content\/uploads\/2025\/06\/wojtek_3-300x300.png 300w, https:\/\/boldcutcrew.com\/wp-content\/uploads\/2025\/06\/wojtek_3-150x150.png 150w, https:\/\/boldcutcrew.com\/wp-content\/uploads\/2025\/06\/wojtek_3-768x768.png 768w\" sizes=\"(max-width: 1024px) 100vw, 1024px\" \/>\t\t\t\t\t\t\t\t\t\t\t\t\t\t\t<\/div>\n\t\t\t\t<\/div>\n\t\t\t\t<div class=\"elementor-element elementor-element-edff369 elementor-widget elementor-widget-text-editor\" data-id=\"edff369\" data-element_type=\"widget\" data-widget_type=\"text-editor.default\">\n\t\t\t\t<div class=\"elementor-widget-container\">\n\t\t\t\t\t\t\t\t\t<div style=\"margin-left: 5px;\"><h5 style=\"color: white; font-family: Arial, sans-serif; font-size: 40px; font-weight: bold; margin-bottom: 12px;\">Wojciech<\/h5><h5><span style=\"color: #ffffff; font-family: Arial, sans-serif;\"><b>Wojciech Wiszniowski &#8211; Urodzony producent. Wychowany na planie.<\/b><\/span><\/h5><div><span style=\"color: white; font-family: Arial, sans-serif; font-size: 1rem;\">\u00a0<\/span><\/div><div><span style=\"color: #ffffff; font-family: Arial, sans-serif;\">Jestem producentem, kt\u00f3ry robi\u0142 ju\u017c wszystko \u2014 i wie, co naprawd\u0119 ma znaczenie. Dorasta\u0142em w cieniu scen kaskaderskich i ta\u015bm 35 mm, z ojcem prowadz\u0105cym jedn\u0105 z pierwszych prywatnych firm produkcyjnych w Polsce. Od najm\u0142odszych lat by\u0142em za kulisami, ucz\u0105c si\u0119 ka\u017cdego etapu pracy \u2014 na w\u0142asnej sk\u00f3rze. By\u0142em wszystkim: asystentem planu, kierowc\u0105, rekwizytorem, technikiem \u015bwiat\u0142a, drugim re\u017cyserem, castingowcem, kierownikiem produkcji. Dzi\u015b jestem producentem \u2014 z do\u015bwiadczeniem, ale bez rutyny. Nie dzia\u0142am wed\u0142ug szablon\u00f3w. Pod\u0105\u017cam za wizj\u0105, flow i lud\u017ami, kt\u00f3rym naprawd\u0119 zale\u017cy.\u00a0 Wierz\u0119 w produkcj\u0119 nap\u0119dzan\u0105 pasj\u0105, zaufaniem i wsp\u00f3lnym celem. Bo w\u0142a\u015bnie wtedy kino przestaje by\u0107 tylko prac\u0105 \u2014 i zostaje z widzem na d\u0142u\u017cej. Je\u015bli co\u015b jest niemo\u017cliwe \u2014 daj mi minut\u0119. Potem patrz, jak to si\u0119 robi.<\/span><\/div><p style=\"color: white; font-family: Arial, sans-serif; font-size: 21px; line-height: 1.5; margin: 0px;\">\u00a0<\/p><\/div>\t\t\t\t\t\t\t\t<\/div>\n\t\t\t\t<\/div>\n\t\t\t\t\t<\/div>\n\t\t\t\t<\/div>\n\t\t\t\t<\/div>\n\t\t","protected":false},"excerpt":{"rendered":"<p>Kasia Katarzyna Budzy\u0144 &#8211; Kreatywny umys\u0142. Biznesowy kr\u0119gos\u0142up. \u00a0W Bold Cut \u0142\u0105cz\u0119 kreatywno\u015b\u0107 z ogarnianiem rzeczy na najwy\u017cszym poziomie. Produkcja towarzyszy mi od lat pracy agencyjnej \u2014 robi\u0142am reklamy, teledyski, filmy o firmach, wywiady i testimoniale, zar\u00f3wno dla polskich, jak i zagranicznych marek. P\u0142ynnie przechodz\u0119 mi\u0119dzy \u015bwiatem kreacji a twardymi realiami bud\u017cet\u00f3w i deadline\u2019\u00f3w. Potrafi\u0119 [&hellip;]<\/p>\n","protected":false},"author":1,"featured_media":0,"parent":0,"menu_order":0,"comment_status":"closed","ping_status":"closed","template":"","meta":{"footnotes":""},"categories":[],"tags":[],"class_list":["post-114","page","type-page","status-publish","hentry"],"_links":{"self":[{"href":"https:\/\/boldcutcrew.com\/index.php\/wp-json\/wp\/v2\/pages\/114","targetHints":{"allow":["GET"]}}],"collection":[{"href":"https:\/\/boldcutcrew.com\/index.php\/wp-json\/wp\/v2\/pages"}],"about":[{"href":"https:\/\/boldcutcrew.com\/index.php\/wp-json\/wp\/v2\/types\/page"}],"author":[{"embeddable":true,"href":"https:\/\/boldcutcrew.com\/index.php\/wp-json\/wp\/v2\/users\/1"}],"replies":[{"embeddable":true,"href":"https:\/\/boldcutcrew.com\/index.php\/wp-json\/wp\/v2\/comments?post=114"}],"version-history":[{"count":34,"href":"https:\/\/boldcutcrew.com\/index.php\/wp-json\/wp\/v2\/pages\/114\/revisions"}],"predecessor-version":[{"id":915,"href":"https:\/\/boldcutcrew.com\/index.php\/wp-json\/wp\/v2\/pages\/114\/revisions\/915"}],"wp:attachment":[{"href":"https:\/\/boldcutcrew.com\/index.php\/wp-json\/wp\/v2\/media?parent=114"}],"wp:term":[{"taxonomy":"category","embeddable":true,"href":"https:\/\/boldcutcrew.com\/index.php\/wp-json\/wp\/v2\/categories?post=114"},{"taxonomy":"post_tag","embeddable":true,"href":"https:\/\/boldcutcrew.com\/index.php\/wp-json\/wp\/v2\/tags?post=114"}],"curies":[{"name":"wp","href":"https:\/\/api.w.org\/{rel}","templated":true}]}}