{"id":112,"date":"2025-05-16T17:31:50","date_gmt":"2025-05-16T15:31:50","guid":{"rendered":"https:\/\/boldcutcrew.com\/?page_id=112"},"modified":"2025-06-08T22:10:20","modified_gmt":"2025-06-08T20:10:20","slug":"ekipa","status":"publish","type":"page","link":"https:\/\/boldcutcrew.com\/index.php\/pl\/ekipa\/","title":{"rendered":"EKIPA"},"content":{"rendered":"\t\t<div data-elementor-type=\"wp-page\" data-elementor-id=\"112\" class=\"elementor elementor-112\">\n\t\t\t\t<div class=\"elementor-element elementor-element-bd0d728 e-flex e-con-boxed e-con e-parent\" data-id=\"bd0d728\" data-element_type=\"container\">\n\t\t\t\t\t<div class=\"e-con-inner\">\n\t\t\t\t<div class=\"elementor-element elementor-element-f409e4f elementor-widget elementor-widget-text-editor\" data-id=\"f409e4f\" data-element_type=\"widget\" data-widget_type=\"text-editor.default\">\n\t\t\t\t<div class=\"elementor-widget-container\">\n\t\t\t\t\t\t\t\t\t<h3 style=\"text-align: center;\"><strong><span style=\"color: #000000;\"><span style=\"font-size: 37.8975px;\">Arty\u015bci, z kt\u00f3rymi robimy<\/span><\/span><\/strong><\/h3><p align=\"left\"><span style=\"color: #000000;\">Nie zatrudniamy \u201czdolnych ludzi\u201d.<br \/>Tworzymy ekip\u0119 z najbardziej <b>wyrazistymi tw\u00f3rcami na \u015bwiecie<\/b>.<\/span><\/p><p align=\"left\"><span style=\"color: #000000;\">Od <b>Singapuru po Kapsztad<\/b>, od koloryst\u00f3w po kompozytor\u00f3w, stylistki i scenograf\u00f3w \u2014 \u0142\u0105czymy si\u0142y z tymi, kt\u00f3rzy wnosz\u0105 instynkt, charakter i w\u0142asny j\u0119zyk obrazu.<\/span><\/p><p align=\"left\"><span style=\"color: #000000;\"><b>Re\u017cyserzy. Operatorzy. Monta\u017cy\u015bci. Kolory\u015bci. Animatorzy. Fotografowie. Scenografowie. Kompozytorzy. Sound designerzy. Stylistki.<\/b><\/span><\/p><p align=\"left\"><span style=\"color: #000000;\"><br \/>Brief, strefa czasowa czy medium \u2014 niewa\u017cne.<br \/><b>Je\u015bli warto to zrobi\u0107, wiemy, do kogo zadzwoni\u0107.<\/b><br \/>Nie tylko pasuj\u0105 do uk\u0142adanki. Oni podnosz\u0105 poprzeczk\u0119.<br \/>I s\u0105 z nami nie bez powodu.<\/span><\/p>\t\t\t\t\t\t\t\t<\/div>\n\t\t\t\t<\/div>\n\t\t\t\t\t<\/div>\n\t\t\t\t<\/div>\n\t\t\t\t<\/div>\n\t\t","protected":false},"excerpt":{"rendered":"<p>Arty\u015bci, z kt\u00f3rymi robimy Nie zatrudniamy \u201czdolnych ludzi\u201d.Tworzymy ekip\u0119 z najbardziej wyrazistymi tw\u00f3rcami na \u015bwiecie. Od Singapuru po Kapsztad, od koloryst\u00f3w po kompozytor\u00f3w, stylistki i scenograf\u00f3w \u2014 \u0142\u0105czymy si\u0142y z tymi, kt\u00f3rzy wnosz\u0105 instynkt, charakter i w\u0142asny j\u0119zyk obrazu. Re\u017cyserzy. Operatorzy. Monta\u017cy\u015bci. Kolory\u015bci. Animatorzy. Fotografowie. Scenografowie. Kompozytorzy. Sound designerzy. Stylistki. Brief, strefa czasowa czy medium [&hellip;]<\/p>\n","protected":false},"author":1,"featured_media":0,"parent":0,"menu_order":0,"comment_status":"closed","ping_status":"closed","template":"","meta":{"footnotes":""},"categories":[],"tags":[],"class_list":["post-112","page","type-page","status-publish","hentry"],"_links":{"self":[{"href":"https:\/\/boldcutcrew.com\/index.php\/wp-json\/wp\/v2\/pages\/112","targetHints":{"allow":["GET"]}}],"collection":[{"href":"https:\/\/boldcutcrew.com\/index.php\/wp-json\/wp\/v2\/pages"}],"about":[{"href":"https:\/\/boldcutcrew.com\/index.php\/wp-json\/wp\/v2\/types\/page"}],"author":[{"embeddable":true,"href":"https:\/\/boldcutcrew.com\/index.php\/wp-json\/wp\/v2\/users\/1"}],"replies":[{"embeddable":true,"href":"https:\/\/boldcutcrew.com\/index.php\/wp-json\/wp\/v2\/comments?post=112"}],"version-history":[{"count":7,"href":"https:\/\/boldcutcrew.com\/index.php\/wp-json\/wp\/v2\/pages\/112\/revisions"}],"predecessor-version":[{"id":874,"href":"https:\/\/boldcutcrew.com\/index.php\/wp-json\/wp\/v2\/pages\/112\/revisions\/874"}],"wp:attachment":[{"href":"https:\/\/boldcutcrew.com\/index.php\/wp-json\/wp\/v2\/media?parent=112"}],"wp:term":[{"taxonomy":"category","embeddable":true,"href":"https:\/\/boldcutcrew.com\/index.php\/wp-json\/wp\/v2\/categories?post=112"},{"taxonomy":"post_tag","embeddable":true,"href":"https:\/\/boldcutcrew.com\/index.php\/wp-json\/wp\/v2\/tags?post=112"}],"curies":[{"name":"wp","href":"https:\/\/api.w.org\/{rel}","templated":true}]}}